{"id":351,"date":"2022-04-01T07:14:06","date_gmt":"2022-04-01T07:14:06","guid":{"rendered":"https:\/\/aerobnarekreacija.com\/?page_id=351"},"modified":"2025-02-26T11:47:29","modified_gmt":"2025-02-26T11:47:29","slug":"prijavni-obrazac","status":"publish","type":"page","link":"https:\/\/aerobnarekreacija.com\/?page_id=351","title":{"rendered":"Prijavni obrazac"},"content":{"rendered":"\t\t<div data-elementor-type=\"wp-page\" data-elementor-id=\"351\" class=\"elementor elementor-351\">\n\t\t\t\t\t\t<section class=\"elementor-section elementor-top-section elementor-element elementor-element-7ba04a5 elementor-section-boxed elementor-section-height-default elementor-section-height-default\" data-id=\"7ba04a5\" data-element_type=\"section\" data-e-type=\"section\">\n\t\t\t\t\t\t<div class=\"elementor-container elementor-column-gap-default\">\n\t\t\t\t\t<div class=\"elementor-column elementor-col-100 elementor-top-column elementor-element elementor-element-c47fb48\" data-id=\"c47fb48\" data-element_type=\"column\" data-e-type=\"column\">\n\t\t\t<div class=\"elementor-widget-wrap elementor-element-populated\">\n\t\t\t\t\t\t<div class=\"elementor-element elementor-element-e8d18e3 eael-hamburger--mobile elementor-widget-laptop__width-inherit eael_simple_menu_hamburger_disable_selected_menu_no eael-simple-menu-hamburger-align-right elementor-widget elementor-widget-eael-simple-menu\" data-id=\"e8d18e3\" data-element_type=\"widget\" data-e-type=\"widget\" data-widget_type=\"eael-simple-menu.default\">\n\t\t\t\t<div class=\"elementor-widget-container\">\n\t\t\t\t\t<style>\n                        @media screen and (max-width: 767px) {\n                            .eael-hamburger--mobile {\n                                .eael-simple-menu-horizontal,\n                                .eael-simple-menu-vertical {\n                                    display: none;\n                                }\n                            }\n                            .eael-hamburger--mobile {\n                                .eael-simple-menu-container .eael-simple-menu-toggle {\n                                    display: block;\n                                }\n                            }\n                        }\n                        .eael-simple-menu-container.eael-simple-menu--loading > ul {\n                            display: -webkit-box !important;\n                            display: -ms-flexbox !important;\n                            display: flex !important;\n                            list-style: none !important;\n                        }\n                        .eael-simple-menu-container.eael-simple-menu--loading li ul {\n                            visibility: hidden !important;\n                            opacity: 0 !important;\n                        }\n                    <\/style>            <div data-hamburger-icon=\"&lt;i aria-hidden=&quot;true&quot; class=&quot;fas fa-bars&quot;&gt;&lt;\/i&gt;\" data-indicator-icon=\"&lt;i aria-hidden=&quot;true&quot; class=&quot;fas fa-angle-down&quot;&gt;&lt;\/i&gt;\" data-dropdown-indicator-icon=\"&lt;i class=&quot;fas fa-angle-down&quot;&gt;&lt;\/i&gt;\" class=\"eael-simple-menu-container eael-simple-menu--loading eael-simple-menu-align-right eael-simple-menu--stretch eael-simple-menu-dropdown-align-center preset-1\" data-hamburger-breakpoints=\"{&quot;mobile&quot;:&quot;Mobilni portret (&gt; 767px)&quot;,&quot;tablet&quot;:&quot;Tablet Portrait (&gt; 1024px)&quot;,&quot;desktop&quot;:&quot;Desktop (&gt; 2400px)&quot;,&quot;none&quot;:&quot;None&quot;}\" data-hamburger-device=\"mobile\">\n                <ul id=\"menu-glavni-izbornik\" class=\"eael-simple-menu eael-simple-menu-dropdown-animate-to-top eael-simple-menu-indicator eael-hamburger-center eael-simple-menu-horizontal\"><li id=\"menu-item-374\" class=\"menu-item menu-item-type-post_type menu-item-object-page menu-item-home menu-item-374\"><a href=\"https:\/\/aerobnarekreacija.com\/\">Po\u010detna stranica<\/a><\/li>\n<li id=\"menu-item-378\" class=\"menu-item menu-item-type-custom menu-item-object-custom menu-item-has-children menu-item-378\"><a href=\"https:\/\/aerobnarekreacija.com\/?page_id=342\">Programi vje\u017ebanja<\/a>\n<ul class=\"sub-menu\">\n\t<li id=\"menu-item-377\" class=\"menu-item menu-item-type-custom menu-item-object-custom menu-item-377\"><a href=\"https:\/\/aerobnarekreacija.com\/?page_id=345\">Program za po\u010detnike<\/a><\/li>\n\t<li id=\"menu-item-379\" class=\"menu-item menu-item-type-custom menu-item-object-custom menu-item-379\"><a href=\"https:\/\/aerobnarekreacija.com\/?page_id=349\">Napredni program vje\u017ebanja<\/a><\/li>\n\t<li id=\"menu-item-383\" class=\"menu-item menu-item-type-custom menu-item-object-custom menu-item-383\"><a href=\"https:\/\/aerobnarekreacija.com\/?page_id=372\">Individualizirani programi  1\/1<\/a><\/li>\n<\/ul>\n<\/li>\n<li id=\"menu-item-389\" class=\"menu-item menu-item-type-custom menu-item-object-custom menu-item-389\"><a href=\"https:\/\/aerobnarekreacija.com\/?page_id=386\">Raspored vje\u017ebanja<\/a><\/li>\n<li id=\"menu-item-381\" class=\"menu-item menu-item-type-custom menu-item-object-custom menu-item-has-children menu-item-381\"><a href=\"https:\/\/aerobnarekreacija.com\/?page_id=347\">Upisi i cijena \u010dlanarine<\/a>\n<ul class=\"sub-menu\">\n\t<li id=\"menu-item-376\" class=\"menu-item menu-item-type-custom menu-item-object-custom menu-item-376\"><a href=\"https:\/\/aerobnarekreacija.com\/?page_id=351\">Prijavni obrazac<\/a><\/li>\n\t<li id=\"menu-item-2578\" class=\"menu-item menu-item-type-post_type menu-item-object-page menu-item-2578\"><a href=\"https:\/\/aerobnarekreacija.com\/?page_id=2575\">Izjava o privatnosti<\/a><\/li>\n<\/ul>\n<\/li>\n<li id=\"menu-item-375\" class=\"menu-item menu-item-type-custom menu-item-object-custom menu-item-375\"><a href=\"https:\/\/aerobnarekreacija.com\/?page_id=355\">Kontakt obrazac<\/a><\/li>\n<li id=\"menu-item-1193\" class=\"menu-item menu-item-type-post_type menu-item-object-page menu-item-1193\"><a href=\"https:\/\/aerobnarekreacija.com\/?page_id=1189\">Pla\u0107anje \u010dlanarine<\/a><\/li>\n<li id=\"menu-item-2469\" class=\"menu-item menu-item-type-post_type menu-item-object-page menu-item-2469\"><a href=\"https:\/\/aerobnarekreacija.com\/?page_id=353\">Savjeti i upute<\/a><\/li>\n<li id=\"menu-item-382\" class=\"menu-item menu-item-type-custom menu-item-object-custom menu-item-382\"><a href=\"https:\/\/aerobnarekreacija.com\/?page_id=357\">Informacije o voditelju<\/a><\/li>\n<\/ul>                <button class=\"eael-simple-menu-toggle\">\n                    <span class=\"sr-only \">Hamburger Toggle Menu<\/span>\n                    <i aria-hidden=\"true\" class=\"fas fa-bars\"><\/i>                <\/button>\n            <\/div>\n            \t\t\t\t<\/div>\n\t\t\t\t<\/div>\n\t\t\t\t\t<\/div>\n\t\t<\/div>\n\t\t\t\t\t<\/div>\n\t\t<\/section>\n\t\t\t\t<section class=\"elementor-section elementor-top-section elementor-element elementor-element-754e336 elementor-section-full_width animated-slow elementor-section-height-default elementor-section-height-default elementor-invisible\" data-id=\"754e336\" data-element_type=\"section\" data-e-type=\"section\" data-settings=\"{&quot;background_background&quot;:&quot;gradient&quot;,&quot;shape_divider_top&quot;:&quot;opacity-fan&quot;,&quot;shape_divider_bottom&quot;:&quot;opacity-fan&quot;,&quot;animation&quot;:&quot;rollIn&quot;}\">\n\t\t\t\t\t<div class=\"elementor-shape elementor-shape-top\" aria-hidden=\"true\" data-negative=\"false\">\n\t\t\t<svg xmlns=\"http:\/\/www.w3.org\/2000\/svg\" viewBox=\"0 0 283.5 19.6\" preserveAspectRatio=\"none\">\n\t<path class=\"elementor-shape-fill\" style=\"opacity:0.33\" d=\"M0 0L0 18.8 141.8 4.1 283.5 18.8 283.5 0z\"\/>\n\t<path class=\"elementor-shape-fill\" style=\"opacity:0.33\" d=\"M0 0L0 12.6 141.8 4 283.5 12.6 283.5 0z\"\/>\n\t<path class=\"elementor-shape-fill\" style=\"opacity:0.33\" d=\"M0 0L0 6.4 141.8 4 283.5 6.4 283.5 0z\"\/>\n\t<path class=\"elementor-shape-fill\" d=\"M0 0L0 1.2 141.8 4 283.5 1.2 283.5 0z\"\/>\n<\/svg>\t\t<\/div>\n\t\t\t\t<div class=\"elementor-shape elementor-shape-bottom\" aria-hidden=\"true\" data-negative=\"false\">\n\t\t\t<svg xmlns=\"http:\/\/www.w3.org\/2000\/svg\" viewBox=\"0 0 283.5 19.6\" preserveAspectRatio=\"none\">\n\t<path class=\"elementor-shape-fill\" style=\"opacity:0.33\" d=\"M0 0L0 18.8 141.8 4.1 283.5 18.8 283.5 0z\"\/>\n\t<path class=\"elementor-shape-fill\" style=\"opacity:0.33\" d=\"M0 0L0 12.6 141.8 4 283.5 12.6 283.5 0z\"\/>\n\t<path class=\"elementor-shape-fill\" style=\"opacity:0.33\" d=\"M0 0L0 6.4 141.8 4 283.5 6.4 283.5 0z\"\/>\n\t<path class=\"elementor-shape-fill\" d=\"M0 0L0 1.2 141.8 4 283.5 1.2 283.5 0z\"\/>\n<\/svg>\t\t<\/div>\n\t\t\t\t\t<div class=\"elementor-container elementor-column-gap-default\">\n\t\t\t\t\t<div class=\"elementor-column elementor-col-100 elementor-top-column elementor-element elementor-element-03d32be\" data-id=\"03d32be\" data-element_type=\"column\" data-e-type=\"column\" data-settings=\"{&quot;background_background&quot;:&quot;gradient&quot;}\">\n\t\t\t<div class=\"elementor-widget-wrap elementor-element-populated\">\n\t\t\t\t\t<div class=\"elementor-background-overlay\"><\/div>\n\t\t\t\t\t\t<div class=\"elementor-element elementor-element-6e16063 elementor-widget elementor-widget-html\" data-id=\"6e16063\" data-element_type=\"widget\" data-e-type=\"widget\" data-widget_type=\"html.default\">\n\t\t\t\t<div class=\"elementor-widget-container\">\n\t\t\t\t\t<iframe src=\"https:\/\/docs.google.com\/forms\/d\/e\/1FAIpQLSdm_ymV_48U8afhVJbloOtm_n2pQFLwb1RTaxrwJKnq94DwKg\/viewform?embedded=true\" width=\"640\" height=\"2145\" frameborder=\"0\" marginheight=\"0\" marginwidth=\"0\">U\u010ditavanje\u2026<\/iframe>\t\t\t\t<\/div>\n\t\t\t\t<\/div>\n\t\t\t\t\t<\/div>\n\t\t<\/div>\n\t\t\t\t\t<\/div>\n\t\t<\/section>\n\t\t\t\t<\/div>\n\t\t","protected":false},"excerpt":{"rendered":"<p>Po\u010detna stranica Programi vje\u017ebanja Program za po\u010detnike Napredni program vje\u017ebanja Individualizirani programi 1\/1 Raspored vje\u017ebanja Upisi i cijena \u010dlanarine Prijavni obrazac Izjava o privatnosti Kontakt obrazac Pla\u0107anje \u010dlanarine Savjeti i upute Informacije o voditelju Hamburger Toggle Menu U\u010ditavanje\u2026<\/p>\n","protected":false},"author":1,"featured_media":0,"parent":0,"menu_order":0,"comment_status":"closed","ping_status":"closed","template":"elementor_header_footer","meta":{"ocean_post_layout":"","ocean_both_sidebars_style":"","ocean_both_sidebars_content_width":0,"ocean_both_sidebars_sidebars_width":0,"ocean_sidebar":"0","ocean_second_sidebar":"0","ocean_disable_margins":"enable","ocean_add_body_class":"","ocean_shortcode_before_top_bar":"","ocean_shortcode_after_top_bar":"","ocean_shortcode_before_header":"","ocean_shortcode_after_header":"","ocean_has_shortcode":"","ocean_shortcode_after_title":"","ocean_shortcode_before_footer_widgets":"","ocean_shortcode_after_footer_widgets":"","ocean_shortcode_before_footer_bottom":"","ocean_shortcode_after_footer_bottom":"","ocean_display_top_bar":"default","ocean_display_header":"default","ocean_header_style":"","ocean_center_header_left_menu":"0","ocean_custom_header_template":"0","ocean_custom_logo":0,"ocean_custom_retina_logo":0,"ocean_custom_logo_max_width":0,"ocean_custom_logo_tablet_max_width":0,"ocean_custom_logo_mobile_max_width":0,"ocean_custom_logo_max_height":0,"ocean_custom_logo_tablet_max_height":0,"ocean_custom_logo_mobile_max_height":0,"ocean_header_custom_menu":"0","ocean_menu_typo_font_family":"0","ocean_menu_typo_font_subset":"","ocean_menu_typo_font_size":0,"ocean_menu_typo_font_size_tablet":0,"ocean_menu_typo_font_size_mobile":0,"ocean_menu_typo_font_size_unit":"px","ocean_menu_typo_font_weight":"","ocean_menu_typo_font_weight_tablet":"","ocean_menu_typo_font_weight_mobile":"","ocean_menu_typo_transform":"","ocean_menu_typo_transform_tablet":"","ocean_menu_typo_transform_mobile":"","ocean_menu_typo_line_height":0,"ocean_menu_typo_line_height_tablet":0,"ocean_menu_typo_line_height_mobile":0,"ocean_menu_typo_line_height_unit":"","ocean_menu_typo_spacing":0,"ocean_menu_typo_spacing_tablet":0,"ocean_menu_typo_spacing_mobile":0,"ocean_menu_typo_spacing_unit":"","ocean_menu_link_color":"","ocean_menu_link_color_hover":"","ocean_menu_link_color_active":"","ocean_menu_link_background":"","ocean_menu_link_hover_background":"","ocean_menu_link_active_background":"","ocean_menu_social_links_bg":"","ocean_menu_social_hover_links_bg":"","ocean_menu_social_links_color":"","ocean_menu_social_hover_links_color":"","ocean_disable_title":"default","ocean_disable_heading":"default","ocean_post_title":"","ocean_post_subheading":"","ocean_post_title_style":"","ocean_post_title_background_color":"","ocean_post_title_background":0,"ocean_post_title_bg_image_position":"","ocean_post_title_bg_image_attachment":"","ocean_post_title_bg_image_repeat":"","ocean_post_title_bg_image_size":"","ocean_post_title_height":0,"ocean_post_title_bg_overlay":0.5,"ocean_post_title_bg_overlay_color":"","ocean_disable_breadcrumbs":"default","ocean_breadcrumbs_color":"","ocean_breadcrumbs_separator_color":"","ocean_breadcrumbs_links_color":"","ocean_breadcrumbs_links_hover_color":"","ocean_display_footer_widgets":"default","ocean_display_footer_bottom":"default","ocean_custom_footer_template":"0","footnotes":""},"class_list":["post-351","page","type-page","status-publish","hentry","entry"],"yoast_head":"<!-- This site is optimized with the Yoast SEO plugin v27.5 - https:\/\/yoast.com\/product\/yoast-seo-wordpress\/ -->\n<title>Prijavni obrazac - Aerobno vje\u017ebanje-nordijsko hodanje<\/title>\n<meta name=\"robots\" content=\"index, follow, max-snippet:-1, max-image-preview:large, max-video-preview:-1\" \/>\n<link rel=\"canonical\" href=\"https:\/\/aerobnarekreacija.com\/?page_id=351\" \/>\n<meta property=\"og:locale\" content=\"hr_HR\" \/>\n<meta property=\"og:type\" content=\"article\" \/>\n<meta property=\"og:title\" content=\"Prijavni obrazac - Aerobno vje\u017ebanje-nordijsko hodanje\" \/>\n<meta property=\"og:description\" content=\"Po\u010detna stranica Programi vje\u017ebanja Program za po\u010detnike Napredni program vje\u017ebanja Individualizirani programi 1\/1 Raspored vje\u017ebanja Upisi i cijena \u010dlanarine Prijavni obrazac Izjava o privatnosti Kontakt obrazac Pla\u0107anje \u010dlanarine Savjeti i upute Informacije o voditelju Hamburger Toggle Menu U\u010ditavanje\u2026\" \/>\n<meta property=\"og:url\" content=\"https:\/\/aerobnarekreacija.com\/?page_id=351\" \/>\n<meta property=\"og:site_name\" content=\"Aerobno vje\u017ebanje-nordijsko hodanje\" \/>\n<meta property=\"article:modified_time\" content=\"2025-02-26T11:47:29+00:00\" \/>\n<meta name=\"twitter:card\" content=\"summary_large_image\" \/>\n<meta name=\"twitter:label1\" content=\"Procijenjeno vrijeme \u010ditanja\" \/>\n\t<meta name=\"twitter:data1\" content=\"1 minuta\" \/>\n<script type=\"application\/ld+json\" class=\"yoast-schema-graph\">{\"@context\":\"https:\\\/\\\/schema.org\",\"@graph\":[{\"@type\":\"WebPage\",\"@id\":\"https:\\\/\\\/aerobnarekreacija.com\\\/?page_id=351\",\"url\":\"https:\\\/\\\/aerobnarekreacija.com\\\/?page_id=351\",\"name\":\"Prijavni obrazac - Aerobno vje\u017ebanje-nordijsko hodanje\",\"isPartOf\":{\"@id\":\"https:\\\/\\\/aerobnarekreacija.com\\\/#website\"},\"datePublished\":\"2022-04-01T07:14:06+00:00\",\"dateModified\":\"2025-02-26T11:47:29+00:00\",\"breadcrumb\":{\"@id\":\"https:\\\/\\\/aerobnarekreacija.com\\\/?page_id=351#breadcrumb\"},\"inLanguage\":\"hr\",\"potentialAction\":[{\"@type\":\"ReadAction\",\"target\":[\"https:\\\/\\\/aerobnarekreacija.com\\\/?page_id=351\"]}]},{\"@type\":\"BreadcrumbList\",\"@id\":\"https:\\\/\\\/aerobnarekreacija.com\\\/?page_id=351#breadcrumb\",\"itemListElement\":[{\"@type\":\"ListItem\",\"position\":1,\"name\":\"Home\",\"item\":\"https:\\\/\\\/aerobnarekreacija.com\\\/\"},{\"@type\":\"ListItem\",\"position\":2,\"name\":\"Prijavni obrazac\"}]},{\"@type\":\"WebSite\",\"@id\":\"https:\\\/\\\/aerobnarekreacija.com\\\/#website\",\"url\":\"https:\\\/\\\/aerobnarekreacija.com\\\/\",\"name\":\"Aerobno vje\u017ebanje-nordijsko hodanje\",\"description\":\"Aerobno vje\u017ebanje i pobolj\u0161anje zdravlja i  plu\u0107no sr\u010dane kondicije\",\"potentialAction\":[{\"@type\":\"SearchAction\",\"target\":{\"@type\":\"EntryPoint\",\"urlTemplate\":\"https:\\\/\\\/aerobnarekreacija.com\\\/?s={search_term_string}\"},\"query-input\":{\"@type\":\"PropertyValueSpecification\",\"valueRequired\":true,\"valueName\":\"search_term_string\"}}],\"inLanguage\":\"hr\"}]}<\/script>\n<!-- \/ Yoast SEO plugin. -->","yoast_head_json":{"title":"Prijavni obrazac - Aerobno vje\u017ebanje-nordijsko hodanje","robots":{"index":"index","follow":"follow","max-snippet":"max-snippet:-1","max-image-preview":"max-image-preview:large","max-video-preview":"max-video-preview:-1"},"canonical":"https:\/\/aerobnarekreacija.com\/?page_id=351","og_locale":"hr_HR","og_type":"article","og_title":"Prijavni obrazac - Aerobno vje\u017ebanje-nordijsko hodanje","og_description":"Po\u010detna stranica Programi vje\u017ebanja Program za po\u010detnike Napredni program vje\u017ebanja Individualizirani programi 1\/1 Raspored vje\u017ebanja Upisi i cijena \u010dlanarine Prijavni obrazac Izjava o privatnosti Kontakt obrazac Pla\u0107anje \u010dlanarine Savjeti i upute Informacije o voditelju Hamburger Toggle Menu U\u010ditavanje\u2026","og_url":"https:\/\/aerobnarekreacija.com\/?page_id=351","og_site_name":"Aerobno vje\u017ebanje-nordijsko hodanje","article_modified_time":"2025-02-26T11:47:29+00:00","twitter_card":"summary_large_image","twitter_misc":{"Procijenjeno vrijeme \u010ditanja":"1 minuta"},"schema":{"@context":"https:\/\/schema.org","@graph":[{"@type":"WebPage","@id":"https:\/\/aerobnarekreacija.com\/?page_id=351","url":"https:\/\/aerobnarekreacija.com\/?page_id=351","name":"Prijavni obrazac - Aerobno vje\u017ebanje-nordijsko hodanje","isPartOf":{"@id":"https:\/\/aerobnarekreacija.com\/#website"},"datePublished":"2022-04-01T07:14:06+00:00","dateModified":"2025-02-26T11:47:29+00:00","breadcrumb":{"@id":"https:\/\/aerobnarekreacija.com\/?page_id=351#breadcrumb"},"inLanguage":"hr","potentialAction":[{"@type":"ReadAction","target":["https:\/\/aerobnarekreacija.com\/?page_id=351"]}]},{"@type":"BreadcrumbList","@id":"https:\/\/aerobnarekreacija.com\/?page_id=351#breadcrumb","itemListElement":[{"@type":"ListItem","position":1,"name":"Home","item":"https:\/\/aerobnarekreacija.com\/"},{"@type":"ListItem","position":2,"name":"Prijavni obrazac"}]},{"@type":"WebSite","@id":"https:\/\/aerobnarekreacija.com\/#website","url":"https:\/\/aerobnarekreacija.com\/","name":"Aerobno vje\u017ebanje-nordijsko hodanje","description":"Aerobno vje\u017ebanje i pobolj\u0161anje zdravlja i  plu\u0107no sr\u010dane kondicije","potentialAction":[{"@type":"SearchAction","target":{"@type":"EntryPoint","urlTemplate":"https:\/\/aerobnarekreacija.com\/?s={search_term_string}"},"query-input":{"@type":"PropertyValueSpecification","valueRequired":true,"valueName":"search_term_string"}}],"inLanguage":"hr"}]}},"jetpack_sharing_enabled":true,"_links":{"self":[{"href":"https:\/\/aerobnarekreacija.com\/index.php?rest_route=\/wp\/v2\/pages\/351","targetHints":{"allow":["GET"]}}],"collection":[{"href":"https:\/\/aerobnarekreacija.com\/index.php?rest_route=\/wp\/v2\/pages"}],"about":[{"href":"https:\/\/aerobnarekreacija.com\/index.php?rest_route=\/wp\/v2\/types\/page"}],"author":[{"embeddable":true,"href":"https:\/\/aerobnarekreacija.com\/index.php?rest_route=\/wp\/v2\/users\/1"}],"replies":[{"embeddable":true,"href":"https:\/\/aerobnarekreacija.com\/index.php?rest_route=%2Fwp%2Fv2%2Fcomments&post=351"}],"version-history":[{"count":5,"href":"https:\/\/aerobnarekreacija.com\/index.php?rest_route=\/wp\/v2\/pages\/351\/revisions"}],"predecessor-version":[{"id":2896,"href":"https:\/\/aerobnarekreacija.com\/index.php?rest_route=\/wp\/v2\/pages\/351\/revisions\/2896"}],"wp:attachment":[{"href":"https:\/\/aerobnarekreacija.com\/index.php?rest_route=%2Fwp%2Fv2%2Fmedia&parent=351"}],"curies":[{"name":"wp","href":"https:\/\/api.w.org\/{rel}","templated":true}]}}